t is -33343320 - 2?
-33343322
In base 6, what is 13 + 5105430?
5105443
In base 11, what is -4 + 16a91a?
16a916
In base 6, what is -1315 - -221?
-1054
In base 15, what is -53cb9 - 5?
-53cbe
In base 4, what is -1023130 + 1130?
-1022000
In base 6, what is -2 + 251535?
251533
In base 5, what is 1 + 11413211?
11413212
In base 13, what is -10 - 3126?
-3136
In base 3, what is -111022001 - 10022?
-111102100
In base 16, what is 1385 - 6d?
1318
In base 9, what is -6 + 14747?
14741
In base 5, what is 113 - -14024?
14142
In base 15, what is -3 - 44c84?
-44c87
In base 8, what is -3213 - -22?
-3171
In base 3, what is -101 - 101000110?
-101000211
In base 15, what is -bce + 6?
-bc8
In base 16, what is 1 + -d830?
-d82f
In base 13, what is -634 + 2b?
-606
In base 9, what is -1530 + -22?
-1552
In base 3, what is 102212221220 + -10?
102212221210
In base 13, what is 49 + 10b?
157
In base 2, what is -10010100011011001 + -110?
-10010100011011111
In base 15, what is 2 + 5b919?
5b91b
In base 9, what is -8681 - -67?
-8613
In base 10, what is -33887 + 0?
-33887
In base 6, what is -3 - 5044?
-5051
In base 5, what is -3 - -13303334?
13303331
In base 4, what is -3333020321 - -10?
-3333020311
In base 12, what is -1 - -10186?
10185
In base 3, what is -2100 + -1000021?
-1002121
In base 14, what is -104 + 4d?
-95
In base 16, what is ee9e - -2?
eea0
In base 15, what is -2 + 1266e?
1266c
In base 6, what is -41410 + 3?
-41403
In base 9, what is 16 + 2513?
2530
In base 10, what is -3 + -4214?
-4217
In base 4, what is -22001 + -133?
-22200
In base 15, what is 15 + -433?
-41d
In base 12, what is 5 - -a5a6a?
a5a73
In base 15, what is -212e8 + -1?
-212e9
In base 3, what is -1101010 - 10010?
-1111020
In base 12, what is 15a42 - 2b?
15a13
In base 10, what is -340 + 79?
-261
In base 10, what is 1 - -6454?
6455
In base 14, what is -2349 + -d7?
-2442
In base 13, what is -1887 - 26?
-18b0
In base 13, what is -11b250 - -5?
-11b248
In base 13, what is 158585 - -4?
158589
In base 16, what is 2 - c3fd?
-c3fb
In base 8, what is 3 + -170463?
-170460
In base 14, what is 2 - -2417c5?
2417c7
In base 9, what is 1 - -54438?
54440
In base 12, what is -2 + 77447?
77445
In base 2, what is 100011101111110010 + 110?
100011101111111000
In base 12, what is -1a23 + 876?
-1169
In base 15, what is -34102 + 1d?
-340d4
In base 3, what is -100200221120 + 11?
-100200221102
In base 6, what is 40403343 + 4?
40403351
In base 8, what is -506015 + -2?
-506017
In base 9, what is -2485 + 45?
-2440
In base 10, what is 30 + 1186?
1216
In base 7, what is -562 - 136?
-1031
In base 9, what is -2 + 53110?
53107
In base 6, what is -4 + 2440403?
2440355
In base 16, what is -1 - -2091a?
20919
In base 5, what is 32 + 22142?
22224
In base 4, what is -123031 + -101233?
-230330
In base 6, what is 34223 + 30?
34253
In base 6, what is -13 + -103514?
-103531
In base 4, what is 1 + 1113320221?
1113320222
In base 4, what is 12 + -132323110?
-132323032
In base 11, what is 1 + 6051?
6052
In base 15, what is 5ac + c2?
67e
In base 16, what is 1d - 40f81?
-40f64
In base 6, what is 52251 + 23?
52314
In base 5, what is 1300413 + -21?
1300342
In base 13, what is -2233 + 8?
-2228
In base 8, what is -1732257 - 1?
-1732260
In base 10, what is 86 - -276?
362
In base 12, what is 1ba + -402b?
-3a31
In base 6, what is -13 - 1210330?
-1210343
In base 6, what is -31322 - -110?
-31212
In base 15, what is -1 - 5330?
-5331
In base 2, what is -1101011111001 + -100?
-1101011111101
In base 16, what is -3a6 - -7?
-39f
In base 8, what is 20 - -6027?
6047
In base 4, what is 10121 - 10311?
-130
In base 13, what is 46abc + 1?
46ac0
In base 13, what is -14 + 15cc?
15b8
In base 15, what is -5d + 23d?
1d0
In base 2, what is 100 + 10011010100101?
10011010101001
In base 4, what is -21332 - -32230?
10232
In base 7, what is 0 - -213604?
213604
In base 2, what is -11100010000000 - -10010110?
-11011111101010
In base 9, what is -64 + -3255?
-3330
In base 4, what is 10 + 1233121?
1233131
In base 11, what is 3a + 1243?
1282
In base 9, what is 1 - -27885?
27886
In base 10, what is 0 - -11786?
11786
In base 5, what is 11413003 + 10?
11413013
In base 9, what is 427436 - -5?
427442
In base 3, what is 220120100 - 0?
220120100
In base 16, what is 50 - 1da?
-18a
In base 7, what is 2362 + 2304?
4666
In base 4, what is -111010323 - 11?
-111011000
In base 12, what is 0 - -2987a?
2987a
In base 7, what is 1563 - -2623?
4516
In base 10, what is 14955 - -19?
14974
In base 7, what is 1564 - 26?
1535
In base 9, what is -23716 + -300?
-24116
In base 7, what is 253 - 33602?
-33316
In base 15, what is -33e87 - 3?
-33e8a
In base 10, what is -26887 - 1?
-26888
In base 4, what is -3012303 - -3?
-3012300
In base 2, what is 11011110101110101 - 101001?
11011110101001100
In base 3, what is 1 - -20200000?
20200001
In base 13, what is -6469 + 3?
-6466
In base 11, what is 9 + 4689a?
468a8
In base 15, what is -41 + 3de8?
3da7
In base 10, what is 181523 - -4?
181527
In base 14, what is 300 + -47?
297
In base 13, what is 2526 + 38?
2561
In base 2, what is -100011101010000 + 10?
-100011101001110
In base 8, what is 2741 + -3011?
-50
In base 5, what is -102 - 231?
-333
In base 2, what is -101111111 - 100000001010?
-100110001001
In base 4, what is 11 + -103121323?
-103121312
In base 13, what is 7825 + 9?
7831
In base 15, what is -3 - -12c54?
12c51
In base 13, what is -5 + 2481?
2479
In base 8, what is 3751202 - 3?
3751177
In base 11, what is 4 + -99a40?
-99a37
In base 6, what is 2433 - 3455?
-1022
In base 5, what is -2 - 342431044?
-342431101
In base 5, what is 2 + 400?
402
In base 4, what is 3 - 10102001?
-10101332
In base 9, what is 616 + 17?
634
In base 16, what is -8 - -614?
60c
In base 2, what is 1 - -11100100101100100?
11100100101100101
In base 10, what is -14609 + -4?
-14613
In base 14, what is -a + bb86?
bb7a
In base 7, what is -136 + 4?
-132
In base 9, what is 41063 + -8?
41054
In base 7, what is 116 + -4200?
-4051
In base 6, what is 53000 + 40?
53040
In base 3, what is -101221021 - 11?
-101221102
In base 6, what is 14035305 - -2?
14035311
In base 4, what is 13 + -33200100?
-33200021
In base 16, what is -1c02c - 2?
-1c02e
In base 11, what is -12a - -2a9?
17a
In base 11, what is 3a3 - -3a0?
793
In base 6, what is 13433 + 4522?
22355
In base 14, what is -1 - -13d5a4?
13d5a3
In base 14, what is -8 - -13d66?
13d5c
In base 7, what is -303 + -42554?
-43160
In base 8, what is -66 - -42?
-24
In base 14, what is -5 - -21729?
21724
In base 8, what is 366722 - -1?
366723
In base 12, what is -140879 + -2?
-14087b
In base 14, what is 3 - -b264?
b267
In base 12, what is 340 + 7?
347
In base 12, what is -13b47 + -1?
-13b48
In base 13, what is a6 - 15b?
-85
In base 2, what is -10 + 100010010110001?
100010010101111
In base 13, what is -50 - 2ab?
-32b
In base 6, what is -3 - -123231?
123224
In base 3, what is -102 + 11111022001?
11111021122
In base 16, what is 55 + -1650?
-15fb
In base 2, what is 1110 - 10100010101000?
-10100010011010
In base 4, what is 20113210 + -111?
20113033
In base 6, what is 225422 + 11?
225433
In base 2, what is -1000111101101110 - 100?
-1000111101110010
In base 9, what is -14000 - 12?
-14012
In base 6, what is 1211 + -201?
1010
In base 3, what is 2120201 + 10112?
2201020
In base 8, what is -13 - -21172?
21157
In base 4, what is 201202 - 33?
201103
In base 11, what is 1018 + -5?
1013
In base 3, what is 1201122 - 0?
1201122
In base 7, what is -202 + 155?
-14
In base 2, what is -100 - -1001101001111001011?
1001101001111000111
In base 4, what is -10 - 131203123?
-131203133
In base 14, what is -2b47b0 + -2?
-2b47b2
In base 8, what is -20 + 22656?
22636
In base 12, what is -5299a + 1?
-52999
In base 5, what is -3412311 + -11?
-3412322
In base 9, what is 66762 + -123?
66638
In base 2, what is 1001001111 + -1001110?
1000000001
In base 16, what is -7 + -311f?
-3126
In base 14, what is -53679 + -a?
-53685
In base 13, what is a65ca2 - -4?
a65ca6
In base 15, what is 4bc75e - 1?
4bc75d
In base 16, what is 18 - -a89?
aa1
In base 6, what is 240 + -1015?
-335
In base 3, what is 20 - 10100001111?
-10100001021
In base 9, what is 17283 - -8?
17302
In base 3, what is -202021020 + 101110?
-201212210
In base 11, what is -97a + 171?
-809
In base 9, what is 247 - 322?
-64
In base 3, what is -10001 + -102211?
-112212
